*n + 4. Let h be 1 - (n - -6) - -138. Calculate the highest common divisor of h and x.
12
Suppose -7*a + 8*a + 22 = 4*j, -2*a + 11 = 3*j. Calculate the greatest common factor of 95 and j.
5
Let h = -473 - -707. Suppose -2*y + 6 = 0, 4*f = 5*y - y + 60. What is the greatest common factor of f and h?
18
Suppose 2*a + 27 - 23 = 0, -5*p - 4*a = -242. Suppose 5*f - 4*u + u - 56 = 0, -2*f = 4*u - 12. What is the highest common divisor of f and p?
10
Suppose -4*p - 92 + 362 = -310. Calculate the highest common factor of p and 4031.
29
Suppose 14*y = 230 + 218. Calculate the greatest common factor of 464 and y.
16
Let k(b) = 6*b**2 + 6*b - 23*b**2 - 5*b**3 + 25 + 6*b + 6*b**3. Let l be k(17). Let a = l + -139. Calculate the highest common divisor of a and 20.
10
Suppose -69*p + 233*p - 31219 - 10601 = 0. Calculate the greatest common factor of p and 2091.
51
Let a = 14593 - 14582. What is the highest common factor of 2563 and a?
11
Let m = 3591 + -3547. Calculate the highest common divisor of 68 and m.
4
Suppose 4*s + h - 118 = 0, 2*h = 3*s + 4*h - 86. Suppose -2*k + s = 2*z, -4*k = -5*k - 2. Calculate the highest common factor of 221 and z.
17
Let i(s) = s**3 - 6*s**2 + 6*s + 14. Suppose -24 = g - 28. Let a be i(g). Suppose -11 + 107 = 4*m. Calculate the highest common divisor of a and m.
6
Let r(k) = 167*k - k**3 + 0*k**2 + k**2 + 16 - 168*k. Let f be r(0). What is the highest common divisor of f and 4?
4
Let y(x) = 3*x + 94. Let f be y(-15). Calculate the highest common factor of 1813 and f.
49
Suppose -11*b = -w - 9*b - 259, 0 = -2*b. Let q = w - -325. Calculate the greatest common factor of q and 44.
22
Suppose 3*z - 3*p = 4*z - 76, 12 = -3*p - p. Let k = 0 - 0. Suppose k = n - 4*q - 2 + 1, -n + 9 = -2*q. What is the greatest common factor of z and n?
17
Suppose z = -4*z - 317 + 1382. What is the highest common factor of z and 6?
3
Let f(n) = -8*n**2 - 29*n - 9. Let v be f(-3). Let s be ((-162)/(-12))/((-6)/8). Let g = 0 - s. What is the greatest common divisor of g and v?
6
Suppose -5*c - 14 = 4*i, 744*i = 745*i - 10*c - 109. Let d be -1*1*(-1 + 0). What is the greatest common divisor of i and d?
1
Let c = -5855 - -6255. What is the highest common divisor of c and 120?
40
Suppose -6*m + 84 = -2*m - 3*h, -h = -5*m + 116. Suppose -z + m = -0*z - 3*w, -3*z = -w - 56. Calculate the highest common factor of 72 and z.
18
Suppose 0 = -5*v + 2*z + 34, -5*z + 7 = -25*v + 24*v. What is the greatest common factor of v and 2372?
4
Let h be (-14)/(-2)*(67 + -3). Suppose 8*x = 12*x - h. Calculate the highest common divisor of 48 and x.
16
Suppose 2*a = -4*x + 1138, -3*a + 11 - 8 = 0. Let w = x - 242. What is the highest common factor of w and 9?
3
Let n(w) = w**3 + 111*w**2 + 55*w + 141. Let j be n(-107). Calculate the highest common divisor of 62 and j.
62
Suppose 5*m = 2*h + 3326, 4*m - 439*h + 438*h - 2659 = 0. Calculate the highest common factor of 166 and m.
166
Let p be 693/198 - (-13355)/2. What is the greatest common divisor of p and 255?
51
Let k(y) = 8*y**2 + 2*y + 4. Let r be k(4). Let q = 138 + -78. What is the greatest common factor of r and q?
20
Suppose 0*u - 4*u = -80. Let r = -18591 - -18611. What is the highest common divisor of u and r?
20
Let l = -1583 - -2627. Suppose 50*q + 15425 - 17225 = 0. Calculate the highest common factor of q and l.
36
Suppose 0 = -6*h + 5*h. Let r be -2 + (5 - (18 + -7)). Let k be 26 - h*(-4)/r. Calculate the greatest common divisor of 104 and k.
26
Let x(m) = -69*m + 1288. Let n be x(2). Calculate the greatest common factor of 782 and n.
46
Let m(c) = -554*c - 58674. Let j be m(-106). Let b = 9 + -5. Suppose 4*v + 5*q - 466 = 34, -4*v - b*q = -500. Calculate the highest common factor of j and v.
25
Suppose 279*m - 308*m + 45 = -622. Let i(l) = -4*l**3 - 4*l**2 + 2*l. Let n be i(-4). Calculate the highest common factor of m and n.
23
Let p be (-1307)/(-11) + 1 + (-78)/(-429). Suppose -76 + 46 = -2*u. Calculate the highest common factor of p and u.
15
Let j = -198 + 195. Let r(s) = 8*s**2 + 18*s - 2. Let u be r(j). What is the greatest common divisor of u and 4?
4
Let l(c) = 132*c**3 + 20*c**2 - 69*c + 6. Let t be l(3). What is the greatest common divisor of 9 and t?
3
Let f = -400 - -4295. Calculate the highest common divisor of f and 205.
205
Let r be (-68)/(-5) + ((-8)/(-20))/1. Let w be (12/r)/(2/14) + 4. Calculate the greatest common factor of w and 40.
10
Suppose 9*i = 28 + 26. Suppose -j - i = -2*x, 3*j = -x + j - 2. Suppose 4*a + 3*y + 84 = 5*a, -4*y + 118 = x*a. What is the greatest common factor of 46 and a?
23
Suppose -37*x + 248 = -35*x. Suppose x = q - 3*q. Let l = 67 + q. Calculate the highest common factor of l and 10.
5
Suppose -27876 = -272*u + 90716. Calculate the greatest common factor of 4 and u.
4
Let k(n) be the first derivative of 3*n**2/2 - n - 39. Let a be k(1). What is the greatest common divisor of 9 and a?
1
Suppose -s - 6*c + c = -14, 70 = 5*s + 2*c. Let t be 74 + -78 + (1 - s/(-1)). What is the highest common factor of 451 and t?
11
Let x be ((-1)/2*14)/((-21)/189). Let m(z) = 7*z - 2. Let r be m(2). Suppose -r = -4*h + 72. Calculate the greatest common factor of x and h.
21
Let j = 448 + -409. Suppose 320 = j*s - 23*s. What is the greatest common divisor of s and 210?
10
Let t(y) = 4*y + 98. Suppose 7*k + 25 + 24 = 0. Let o be t(k). Calculate the greatest common divisor of o and 35.
35
Suppose -k - 2*x + 32 = 0, -38*k + 146 = -34*k - x. Calculate the greatest common factor of k and 162.
18
Let g = 565 - 349. Calculate the greatest common divisor of 1080 and g.
216
Let v be 186796/12 + 819/(-189). Calculate the highest common factor of v and 62.
62
Let i be (-103720)/(-240) + 2/12*-1. Calculate the greatest common factor of i and 486.
54
Let t(p) = 0*p**2 + 3*p**2 - 17 + 22 + 24*p + 32. Let l be t(-6). Calculate the highest common factor of l and 11.
1
Suppose -11051 - 14551 = -101*b + 15808. Calculate the highest common factor of 5 and b.
5
Suppose 4*q - 1025 = -q + 5*s, 1009 = 5*q + 3*s. Let c = 224 - q. Calculate the highest common divisor of 84 and c.
21
Let z(m) = 10*m + 7*m**2 + 2*m**3 - 3*m - 4 - 21*m**2. Let v be z(8). What is the highest common divisor of v and 6?
6
Let o(p) = -5*p**3 - 15*p**2 - 10*p - 38. Let q be o(-5). Calculate the greatest common divisor of 2 and q.
2
Let o(t) = 3*t**2 - t + 1. Let u be o(-4). Let p be 200*(-9)/(-18) + 3*2. What is the highest common factor of u and p?
53
Let d = 754 + -838. Let a be 24*(14/d - (-22)/24). What is the highest common factor of 468 and a?
18
Suppose -2*t + 6*t - 24 = 0, 0 = -5*b + 5*t - 25. Calculate the greatest common divisor of 113 and b.
1
Suppose 0 = -131*x + 145*x + 28. Let j be 5 + -6 + 57 + 10/x. Calculate the highest common divisor of 187 and j.
17
Suppose 0 = 4*h + 4*o - 252, 24*h = 19*h + 4*o + 324. What is the highest common factor of h and 5472?
32
Suppose -4 + 12 = 2*u. Let j be (-548)/(-36) - u/18. Let s = 2643 + -2628. Calculate the highest common factor of s and j.
15
Suppose -8*a + 213 - 11 = 26. What is the greatest common factor of 13398 and a?
22
Let o(w) = -3*w**3 - 27*w**2 + 23*w + 44. Let x be o(-10). What is the greatest common divisor of x and 14250?
114
Suppose 3*n + 501 = 5*i, -n = -5*i - 2*n + 513. Suppose 90 = 4*t - i. What is the highest common divisor of t and 6?
6
Suppose -4*v - 3*o + 540 = 0, -5*v + 4*o = -o - 745. What is the highest common factor of v and 7661?
47
Let d(l) = l**2 + 15*l + 33. Let u be d(-3). Let k be -2*(u + 5) - -59. Calculate the greatest common divisor of 66 and k.
11
Suppose -3799*y = -3812*y + 247. Let a be 0/(2 - 5)*-1. Suppose -i - 2*i + 285 = a. What is the greatest common factor of y and i?
19
Let k = 9146 + -8591. Calculate the greatest common divisor of 5994 and k.
111
Let o be ((-3)/(-9))/(6/(-90))*-4. Suppose 23 = d + o. Suppose 33 = -2*g - 3*v + 80, 0 = d*g - 3*v - 33. Calculate the highest common factor of 80 and g.
16
Let g be (-5)/((-25)/(-7320))*(-204)/153. Calculate the greatest common factor of 183 and g.
61
Let a(j) = -j**3 + 5*j**2 + 9*j + 3. Let t be a(6). Let p be ((-318)/7)/((-6)/t). What is the highest common factor of p and 3?
3
Let g = -3387 + 3394. Let w = 3 - 3. Let z be (9 - w) + -4 + 2. What is the greatest common divisor of g and z?
